ed millions digit of 4689038281?
6
What is the thousands digit of 8319190?
9
What is the billions digit of 2347108110?
2
What is the hundreds digit of 515665462?
4
What is the tens digit of 176430746?
4
What is the ten thousands digit of 970456013?
5
What is the thousands digit of 2708387813?
7
What is the ten thousands digit of 268763228?
6
What is the millions digit of 67570253?
7
What is the ten thousands digit of 44665914?
6
What is the ten millions digit of 2938306009?
3
What is the units digit of 2617165032?
2
What is the ten millions digit of 122959212?
2
What is the millions digit of 14419250?
4
What is the ten millions digit of 4134446953?
3
What is the millions digit of 50750088?
0
What is the millions digit of 12765081?
2
What is the thousands digit of 221974485?
4
What is the hundreds digit of 1231888856?
8
What is the thousands digit of 459889908?
9
What is the ten millions digit of 1965612455?
6
What is the tens digit of 109268194?
9
What is the hundreds digit of 48468269?
2
What is the hundred thousands digit of 2821017517?
0
What is the ten millions digit of 1771863868?
7
What is the hundreds digit of 66988457?
4
What is the hundred thousands digit of 796302711?
3
What is the hundred thousands digit of 265245950?
2
What is the hundred thousands digit of 501455227?
4
What is the ten millions digit of 180982615?
8
What is the tens digit of 74856110?
1
What is the thousands digit of 58447785?
7
What is the billions digit of 2579802525?
2
What is the hundred thousands digit of 64256372?
2
What is the thousands digit of 3971301834?
1
What is the ten millions digit of 42236499?
4
What is the ten millions digit of 255591816?
5
What is the units digit of 607288652?
2
What is the hundred thousands digit of 86237676?
2
What is the units digit of 99958743?
3
What is the tens digit of 16694672?
7
What is the hundred thousands digit of 247042988?
0
What is the thousands digit of 125962696?
2
What is the hundred thousands digit of 142823820?
8
What is the tens digit of 247129068?
6
What is the tens digit of 1723368098?
9
What is the hundred millions digit of 476410657?
4
What is the thousands digit of 242212204?
2
What is the ten thousands digit of 155922063?
2
What is the hundred millions digit of 438531408?
4
What is the millions digit of 291807569?
1
What is the hundreds digit of 2360471218?
2
What is the units digit of 513858858?
8
What is the hundred thousands digit of 170485157?
4
What is the tens digit of 94474842?
4
What is the hundred thousands digit of 40367344?
3
What is the billions digit of 1810637891?
1
What is the thousands digit of 396736164?
6
What is the millions digit of 427261911?
7
What is the ten thousands digit of 4786805651?
0
What is the tens digit of 231667979?
7
What is the tens digit of 857396719?
1
What is the hundred millions digit of 2197859325?
1
What is the units digit of 2131426111?
1
What is the units digit of 76993889?
9
What is the millions digit of 7235936157?
5
What is the tens digit of 1673245093?
9
What is the tens digit of 1402578094?
9
What is the thousands digit of 2631204278?
4
What is the hundred thousands digit of 93162932?
1
What is the hundred thousands digit of 505733676?
7
What is the ten millions digit of 929716793?
2
What is the hundreds digit of 8205296?
2
What is the ten thousands digit of 122022622?
2
What is the hundreds digit of 4387528741?
7
What is the units digit of 3047188213?
3
What is the millions digit of 112756611?
2
What is the hundred thousands digit of 219447040?
4
What is the thousands digit of 146619856?
9
What is the tens digit of 117316582?
8
What is the hundred millions digit of 3220268102?
2
What is the ten millions digit of 1119290560?
1
What is the ten thousands digit of 6450781415?
8
What is the hundreds digit of 2683757685?
6
What is the tens digit of 142946769?
6
What is the hundreds digit of 141222992?
9
What is the hundred millions digit of 2320042501?
3
What is the thousands digit of 267765629?
5
What is the hundred millions digit of 4492952799?
4
What is the millions digit of 4170533?
4
What is the units digit of 3405168?
8
What is the billions digit of 1710510691?
1
What is the ten thousands digit of 41429166?
2
What is the hundred thousands digit of 1595289002?
2
What is the hundreds digit of 1650199830?
8
What is the hundreds digit of 219465868?
8
What is the ten millions digit of 1432861013?
3
What is the units digit of 65832295?
5
What is the millions digit of 422753811?
2
What is the ten thousands digit of 799435178?
3
What is the thousands digit of 132685861?
5
What is the hundred thousands digit of 682638168?
6
What is the ten thousands digit of 184552467?
5
What is the hundred millions digit of 116649977?
1
What is the hundred thousands digit of 119239321?
2
What is the hundred millions digit of 237399191?
2
What is the tens digit of 48996337?
3
What is the hundreds digit of 118394930?
9
What is the hundred thousands digit of 635455942?
4
What is the units digit of 8856506?
6
What is the units digit of 105284126?
6
What is the millions digit of 25290381?
5
What is the hundred millions digit of 260139618?
2
What is the ten thousands digit of 36149000?
4
What is the tens digit of 1755387276?
7
What is the ten millions digit of 975357405?
7
What is the ten thousands digit of 100245118?
4
What is the hundred millions digit of 1720640863?
7
What is the thousands digit of 156912952?
2
What is the ten millions digit of 3021949048?
2
What is the thousands digit of 529871937?
1
What is the hundred thousands digit of 22747802?
7
What is the thousands digit of 2737753898?
3
What is the millions digit of 2696316659?
6
What is the thousands digit of 22207392?
7
What is the hundred thousands digit of 4759727583?
7
What is the ten millions digit of 93587541?
9
What is the tens digit of 110538208?
0
What is the hundreds digit of 91794521?
5
What is the billions digit of 2512016281?
2
What is the hundreds digit of 8112688?
6
What is the hundreds digit of 388845866?
8
What is the millions digit of 1266251886?
6
What is the ten millions digit of 7065843171?
6
What is the hundred millions digit of 1793526449?
7
What is the ten millions digit of 88063889?
8
What is the units digit of 15135712?
2
What is the tens digit of 444810039?
3
What is the billions digit of 3112199904?
3
What is the billions digit of 6174257351?
6
What is the billions digit of 1437272430?
1
What is the thousands digit of 6192346?
2
What is the billions digit of 1191643673?
1
What is the units digit of 32874466?
6
What is the tens digit of 17952649?
4
What is the hundreds digit of 93404609?
6
What is the ten millions digit of 56624439?
5
What is the units digit of 8451301?
1
What is the ten millions digit of 884347121?
8
What is the hundreds digit of 1311632458?
4
What is the thousands digit of 456504794?
4
What is the thousands digit of 6403647078?
7
What is the tens digit of 23832428?
2
What is the tens digit of 106469239?
3
What is the millions digit of 579435254?
9
What is the ten thousands digit of 25362591?
6
What is the ten millions digit of 34855397?
3
What is the thousands digit of 40238199?
8
What is the hundred thousands digit of 887551523?
5
What is the ten thousands digit of 1404324594?
2
What is the units digit of 104046180?
0
What is the tens digit of 40387094?
9
What is the hundred thousands digit of 89669184?
6
What is the ten millions digit of 70600925?
7
What is the hundreds digit of 404895172?
1
What is the hundred thousands digit of 25050423?
0
What is the tens digit of 2826229911?
1
What is the thousands digit of 4368313?
8
What is the hundred millions digit of 392968252?
3
What is the hundred thousands digit of 35607112?
6
What is the tens digit of 6623978750?
5
What is the units digit of 1086027423?
3
What is the thousands digit of 4559554?
9
What is the hundred millions digit of 102025090?
1
What is the units digit of 3917042158?
8
What is the ten millions digit of 460850361?
6
What is the millions digit of 37770169?
7
What is the thousands digit of 1288019804?
9
What is the ten thousands digit of 1467165071?
6
What is the hundred millions digit of 204056322?
2
What is the units digit of 488741003?
3
What is the hundred thousands digit of 16748373?
7
What is the hundred